s the hundreds digit of 1037?
0
What is the tens digit of 88943?
4
What is the tens digit of 1204?
0
What is the hundreds digit of 7034?
0
What is the units digit of 809?
9
What is the thousands digit of 26971?
6
What is the tens digit of 56?
5
What is the tens digit of 25963?
6
What is the tens digit of 1494?
9
What is the units digit of 3118?
8
What is the thousands digit of 8151?
8
What is the ten thousands digit of 122304?
2
What is the thousands digit of 61577?
1
What is the thousands digit of 1169?
1
What is the thousands digit of 5391?
5
What is the units digit of 593?
3
What is the thousands digit of 5770?
5
What is the hundreds digit of 10004?
0
What is the thousands digit of 15159?
5
What is the units digit of 14788?
8
What is the hundreds digit of 4518?
5
What is the units digit of 6715?
5
What is the tens digit of 6023?
2
What is the units digit of 510?
0
What is the tens digit of 37291?
9
What is the units digit of 19399?
9
What is the tens digit of 1302?
0
What is the tens digit of 46272?
7
What is the hundreds digit of 2798?
7
What is the tens digit of 12418?
1
What is the tens digit of 3523?
2
What is the hundreds digit of 10716?
7
What is the hundreds digit of 198?
1
What is the units digit of 1477?
7
What is the tens digit of 8593?
9
What is the tens digit of 41296?
9
What is the hundreds digit of 482?
4
What is the thousands digit of 39121?
9
What is the units digit of 5701?
1
What is the tens digit of 2009?
0
What is the thousands digit of 8530?
8
What is the ten thousands digit of 12753?
1
What is the units digit of 370?
0
What is the hundred thousands digit of 133532?
1
What is the thousands digit of 11745?
1
What is the hundreds digit of 46480?
4
What is the thousands digit of 14036?
4
What is the units digit of 6260?
0
What is the ten thousands digit of 70457?
7
What is the tens digit of 36104?
0
What is the thousands digit of 16575?
6
What is the tens digit of 4299?
9
What is the tens digit of 28354?
5
What is the hundreds digit of 9773?
7
What is the units digit of 3337?
7
What is the ten thousands digit of 13894?
1
What is the tens digit of 10250?
5
What is the thousands digit of 25866?
5
What is the thousands digit of 4993?
4
What is the units digit of 21453?
3
What is the units digit of 113343?
3
What is the tens digit of 44416?
1
What is the hundreds digit of 158162?
1
What is the tens digit of 3229?
2
What is the thousands digit of 112546?
2
What is the thousands digit of 5397?
5
What is the units digit of 78470?
0
What is the units digit of 2557?
7
What is the hundreds digit of 546?
5
What is the hundreds digit of 843?
8
What is the ten thousands digit of 22564?
2
What is the tens digit of 2702?
0
What is the hundred thousands digit of 178889?
1
What is the ten thousands digit of 191133?
9
What is the thousands digit of 4377?
4
What is the ten thousands digit of 18874?
1
What is the thousands digit of 4181?
4
What is the units digit of 61617?
7
What is the hundreds digit of 2302?
3
What is the units digit of 8488?
8
What is the units digit of 10612?
2
What is the thousands digit of 4599?
4
What is the hundreds digit of 834?
8
What is the hundreds digit of 259?
2
What is the hundreds digit of 1580?
5
What is the tens digit of 2592?
9
What is the units digit of 1125?
5
What is the ten thousands digit of 12373?
1
What is the units digit of 1851?
1
What is the units digit of 9760?
0
What is the units digit of 1700?
0
What is the tens digit of 80749?
4
What is the hundreds digit of 996?
9
What is the thousands digit of 1339?
1
What is the hundreds digit of 12992?
9
What is the thousands digit of 6004?
6
What is the thousands digit of 1376?
1
What is the hundreds digit of 4192?
1
What is the tens digit of 44750?
5
What is the units digit of 14446?
6
What is the hundreds digit of 165?
1
What is the units digit of 6528?
8
What is the units digit of 36620?
0
What is the hundreds digit of 4281?
2
What is the units digit of 2886?
6
What is the thousands digit of 117480?
7
What is the thousands digit of 27034?
7
What is the units digit of 1491?
1
What is the units digit of 16829?
9
What is the units digit of 532?
2
What is the tens digit of 18132?
3
What is the tens digit of 558?
5
What is the units digit of 446?
6
What is the hundreds digit of 3858?
8
What is the ten thousands digit of 12506?
1
What is the ten thousands digit of 34272?
3
What is the thousands digit of 1765?
1
What is the units digit of 49?
9
What is the hundreds digit of 8825?
8
What is the hundreds digit of 118?
1
What is the tens digit of 1674?
7
What is the hundreds digit of 3619?
6
What is the units digit of 49327?
7
What is the hundred thousands digit of 160194?
1
What is the thousands digit of 21935?
1
What is the tens digit of 32175?
7
What is the units digit of 945?
5
What is the tens digit of 334?
3
What is the ten thousands digit of 59787?
5
What is the units digit of 377?
7
What is the units digit of 48461?
1
What is the tens digit of 6141?
4
What is the units digit of 6313?
3
What is the hundreds digit of 422?
4
What is the tens digit of 20690?
9
What is the ten thousands digit of 32191?
3
What is the units digit of 709?
9
What is the ten thousands digit of 22319?
2
What is the tens digit of 38174?
7
What is the thousands digit of 1933?
1
What is the hundreds digit of 5161?
1
What is the thousands digit of 5892?
5
What is the tens digit of 5291?
9
What is the hundreds digit of 23035?
0
What is the thousands digit of 2555?
2
What is the tens digit of 1030?
3
What is the tens digit of 1841?
4
What is the hundreds digit of 699?
6
What is the tens digit of 7826?
2
What is the hundreds digit of 43825?
8
What is the tens digit of 3067?
6
What is the ten thousands digit of 12919?
1
What is the hundreds digit of 1055?
0
What is the hundreds digit of 2465?
4
What is the thousands digit of 2400?
2
What is the hundreds digit of 258?
2
What is the tens digit of 25664?
6
What is the units digit of 1924?
4
What is the tens digit of 9011?
1
What is the units digit of 748?
8
What is the tens digit of 31832?
3
What is the hundreds digit of 9662?
6
What is the thousands digit of 63812?
3
What is the tens digit of 21887?
8
What is the units digit of 6803?
3
What is the tens digit of 1043?
4
What is the units digit of 11974?
4
What is the hundreds digit of 370?
3
What is the hundreds digit of 7419?
4
What is the ten thousands digit of 67594?
6
What is the units digit of 39528?
8
What is the units digit of 10271?
1
What is the hundreds digit of 3195?
1
What is the units digit of 1851?
1
What is the hundreds digit of 444?
4
What is the tens digit of 996?
9
What is the thousands digit of 2753?
2
What is the units digit of 8630?
0
What is the hundreds digit of 8849?
8
What is the tens digit of 6599?
9
What is the units digit of 82932?
2
What is the units digit of 4783?
3
What is the units digit of 72?
2
What is the units digit of 4059?
9
What is the hundreds digit of 71221?
2
What is the ten thousands digit of 20450?
2
What is the tens digit of 20?
2
What is the tens digit of 121810?
1
What is the hundreds digit of 12301?
3
What is the thousands digit of 3537?
3
What is the tens digit of 789?
8
What is the hundreds digit of 525?
5
What is the thousands digit of 64443?
4
What is the hundreds digit of 969?
9
What is the units digit of 2153?
3
What is the hundreds digit of 47157?
1
What is the units digit of 62586?
6
What is the units digit of 6292?
2
What is the tens digit of 10510?
1
What is the hundreds digit of 934?
9
What is the units digit of 2041?
1
What is the units digit of 1187?
7
What is the hundreds digit of 10975?
9
What is the units digit of 76260?
0
What is the thousands digit of 122466?
2
What is the thousands digit of 50750?
0
What is the tens digit of 97637?
3
What is the hundreds digit of 190?
1
What is the units digit of 70725?
5
What is the hundreds digit of 1154?
1
What is the thousands digit of 8630?
8
What is the units digit of 254?
4
What is the thousands digit of 1307?
1
What is the hundreds digit of 1283?
2
What is the units digit of 1135?
5
What is the units digit of 14315?
5
What is the tens digit of 6304?
0
What is the ten thousands digit of 125330?
2
What is the units digit of 687?
7
What is the hundred thousands digit of 112618?
1
Wha